(-33).
9
Let v(z) = -z**3 - 9*z**2 + 705*z - 454. Give v(22).
52
Let s(v) = -v**2 + 49*v - 387. Calculate s(27).
207
Let u(d) = -69*d**2 - 4911*d - 60929. What is u(-16)?
-17
Let c(g) = -g**3 - 48*g**2 - 220*g - 23. What is c(-6)?
-215
Let s(j) = -439*j**2 + 35105*j + 1206. What is s(80)?
6
Let g(c) = -29971*c + 179816. Give g(6).
-10
Let m(u) = 3779*u**2 + 26451*u - 10. Give m(-7).
4
Let t(r) = 2*r**3 - 33*r**2 + 117*r - 375. Give t(13).
-37
Let i(n) = n**3 - 120*n**2 + 19*n - 2264. What is i(120)?
16
Let p(r) = -2*r**2 - 8396*r - 67079. Determine p(-8).
-39
Let z(p) = 12*p**3 - 3414*p**2 - 1675*p - 10043. What is z(285)?
-68
Let h(t) = 589*t**2 + 773*t - 15. Determine h(-2).
795
Let l(z) = -756*z**2 - 16480*z + 3354. Calculate l(-22).
10
Let k(q) = q**3 - 259*q**2 - 784*q - 603. Determine k(262).
-79
Let x(l) = -75*l**2 + 167*l - 134. Determine x(2).
-100
Let c(l) = -2*l**3 + 488*l**2 + 969*l - 27. Give c(-2).
3
Let a(p) = -5*p**3 - 90*p**2 - 259*p - 3063. What is a(-17)?
-105
Let d(y) = -26946*y - 53920. What is d(-2)?
-28
Let w(p) = p**3 - 159*p**2 - 17888*p + 2851269. Give w(158).
1
Let s(m) = m**3 + 23*m**2 + 145*m + 161. Determine s(-12).
5
Let r(u) = -2*u**2 + 7890*u + 23671. Give r(-3).
-17
Let b(w) = w**3 - 5*w**2 + 402*w - 2090. Determine b(6).
358
Let s(t) = t**2 + 962*t + 175816. Determine s(-244).
624
Let i(f) = -25*f**3 + 4*f**2 + 181*f - 542. Calculate i(3).
-638
Let x(w) = 701*w - 3872. Determine x(6).
334
Let z(q) = q**2 - 117*q + 50. What is z(114)?
-292
Let s(j) = -1026*j - 191717. Determine s(-187).
145
Let z(x) = -459*x + 66659. What is z(147)?
-814
Let q(u) = 1915*u**2 - 19160*u + 110. Determine q(10).
10
Let o(y) = 18*y**2 + 2040*y - 18650. Determine o(-122).
382
Let y(k) = 10944*k + 21264. What is y(-2)?
-624
Let y(k) = -k**3 - 39*k**2 - 139*k + 87. What is y(-34)?
-967
Let n(v) = v**3 + 19*v**2 - 295*v + 548. Determine n(9).
161
Let p(u) = 8*u**2 + 303*u - 1841. Calculate p(-43).
-78
Let v(o) = -2*o**2 - 4110*o. Determine v(0).
0
Let t(n) = 24*n**2 - 2876*n - 267. Determine t(120).
213
Let w(l) = -4*l**3 - 44*l**2 - 136*l - 11. What is w(-5)?
69
Let s(c) = -528*c - 1261. Give s(-4).
851
Let z(q) = -70*q**2 + 697*q + 15. Determine z(10).
-15
Let m(x) = 45*x**2 - 1269*x - 2427. Give m(30).
3
Let z(d) = 488*d - 36557. Determine z(72).
-1421
Let b(l) = 3*l**2 - 181*l + 833. What is b(4)?
157
Let y(s) = -12*s**3 + 2*s**2 + 205*s + 41. Give y(0).
41
Let a(s) = 10*s**2 - 74*s + 248. What is a(4)?
112
Let f(m) = m**2 + 26*m + 389. What is f(-17)?
236
Let y(l) = 8*l**2 + 2377*l - 34733. Determine y(14).
113
Let k(w) = -7479*w - 52178. What is k(-7)?
175
Let g(k) = -161*k**2 + 7045*k + 7047. What is g(-1)?
-159
Let o(n) = -6519*n - 31969. Determine o(-5).
626
Let a(w) = 19*w**2 + 672*w + 5917. What is a(-18)?
-23
Let j(c) = -c**3 - 66*c**2 + 824*c - 1779. Calculate j(-77).
-8
Let h(f) = -11*f**2 + 166*f + 33193. What is h(63)?
-8
Let o(l) = -1697*l - 13537. Give o(-8).
39
Let f(y) = -1175588*y + 5877947. Give f(5).
7
Let a(y) = 1982*y - 9637. Give a(5).
273
Let y(o) = 617*o + 10424. Determine y(-17).
-65
Let m(p) = 37*p**2 + 2011*p + 3874. What is m(-2)?
0
Let z(m) = -52707*m - 316241. Give z(-6).
1
Let b(y) = -y**2 + 880*y + 51989. Determine b(-55).
564
Let s(y) = -y**3 - 60*y**2 + 700*y - 22. What is s(-70)?
-22
Let v(o) = -2*o**2 - 1068*o + 44628. Calculate v(39).
-66
Let o(g) = -30*g**3 - 17*g**2 - 35*g - 5. Determine o(-2).
237
Let d(q) = -2*q**3 - 461*q**2 - 12207*q - 1293. Give d(-200).
107
Let v(h) = -h**3 + 7*h**2 - 52693*h + 474415. Calculate v(9).
16
Let f(u) = 1922*u + 566988. What is f(-295)?
-2
Let i(b) = b**3 - 28*b**2 + 2016*b - 59304. What is i(29)?
1
Let v(t) = -191*t**2 + 974*t - 590. Determine v(5).
-495
Let s(u) = -u**2 + 1152*u - 11410. What is s(10)?
10
Let l(s) = 4*s**2 + 339*s - 9454. Calculate l(22).
-60
Let n(b) = -7802*b - 140411. Determine n(-18).
25
Let y(m) = 96*m**2 - 324*m + 3. Calculate y(3).
-105
Let d(r) = 213*r**3 - 34*r**2 - 119*r - 102. What is d(-2)?
-1704
Let d(h) = -17853*h - 71418. Determine d(-4).
-6
Let p(a) = -27*a + 4470. Calculate p(140).
690
Let m(i) = 2*i**3 - 191*i**2 + 460*i + 461. What is m(93)?
-4
Let s(a) = 7*a**2 - 213*a + 1698. Calculate s(13).
112
Let f(n) = 258*n + 7585. What is f(-28)?
361
Let d(h) = 6*h**3 - 585*h**2 - 3728*h - 28. Determine d(-6).
-16
Let v(x) = -6*x**3 + 268*x**2 + 115*x - 100. Calculate v(45).
1025
Let n(t) = -448428*t + 24215117. Calculate n(54).
5
Let f(y) = y**3 + 94*y**2 - 3104*y - 291785. Calculate f(-94).
-9
Let u(o) = 1742*o - 123253. Calculate u(71).
429
Let l(q) = -185*q**2 + 2430*q + 7282. Calculate l(-3).
-1673
Let j(p) = -2*p**2 + 4986*p - 108652. Give j(22).
72
Let h(n) = -44808*n + 493056. Determine h(11).
168
Let j(u) = -2155*u - 30236. What is j(-14)?
-66
Let g(z) = -z**3 - 110*z**2 - 98*z + 1426. Determine g(-109).
227
Let u(j) = -56*j - 4744. Calculate u(-79).
-320
Let d(b) = b**3 + 217*b**2 - 1082*b + 7936. What is d(-222)?
1720
Let d(p) = p**2 + 1516*p - 26157. Determine d(17).
-96
Let p(o) = 2*o**3 - 32*o**2 + 27*o - 88. Calculate p(16).
344
Let b(y) = y**3 - 121*y**2 - 5851*y - 181. Give b(-37).
4
Let q(f) = -f**3 - 137*f**2 - 406*f - 515. Calculate q(-134).
21
Let j(c) = 1309*c + 13266. Give j(-10).
176
Let g(j) = 8*j**2 - 370*j - 4336. Give g(56).
32
Let m(i) = -3939*i - 409661. Give m(-104).
-5
Let d(g) = 16502*g + 197968. Determine d(-12).
-56
Let i(u) = -3*u**3 + 28*u**2 - 2*u + 130. Calculate i(10).
-90
Let b(w) = -w**3 - 53*w**2 + 64*w - 5379. Calculate b(-56).
445
Let s(d) = 631*d**2 - 6844*d - 1063. Give s(11).
4
Let s(l) = 2*l**3 + 75*l**2 + 399*l + 1566. Determine s(-32).
62
Let y(t) = -5*t**3 - 4738*t**2 + 1920*t + 22749. Calculate y(-948).
-3
Let u(o) = 11*o**2 - 746*o - 4747. Calculate u(73).
-586
Let v(w) = -34*w - 2440. Determine v(-212).
4768
Let f(d) = -d**3 - 542*d**2 - 72345*d + 2152. Calculate f(-304).
24
Let j(p) = 2165*p + 17258. Determine j(-8).
-62
Let q(k) = k**3 + 142*k**2 + 4600*k + 3986. Calculate q(-93).
-13
Let o(a) = a**2 - 16*a - 8613. Determine o(102).
159
Let i(q) = q**3 + 29*q**2 + 51*q + 1384. What is i(-29)?
-95
Let d(v) = -v**3 + 19*v**2 + 127*v - 3754. What is d(-13)?
3
Let v(o) = 3*o**3 + 32*o**2 - 6*o + 132. What is v(-11)?
77
Let k(n) = -1776*n - 30024. Calculate k(-17).
168
Let w(m) = m**2 + 12814*m + 2224287. Give w(-176).
-1
Let y(s) = s**2 - 687*s - 2711. Determine y(-4).
53
Let b(a) = -1987*a + 637840. What is b(321)?
13
Let o(n) = -111970*n + 2687282. Calculate o(24).
2
Let t(u) = 17189*u - 17204. Give t(1).
-15
Let n(u) = -139*u**2 + 1826*u - 150. What is n(13)?
97
Let p(w) = 22*w**2 - 957*w - 13499. Determine p(-14).
4211
Let v(n) = 1467*n - 2525. Determine v(2).
409
Let z(n) = 18*n**3 - 168*n**2 + 69*n - 87. Give z(9).
48
Let q(r) = -3*r**3 + 1234*r**2 + 861*r - 15238. Calculate q(412).
6
Let u(q) = -313*q**2 + 147*q + 8. Give u(-3).
-3250
Let k(w) = -68*w**3 - 11*w**2 - 14*w + 40. Calculate k(-3).
1819
Let f(a) = -a**2 + 207*a - 2961. Give f(14).
-259
Let o(u) = -13*u**3 - 12*u**2 + 36*u - 29. Determine o(5).
-1774
Let m(s) = -189718*s + 6450446. Give m(34).
34
Let u(c) = -c**3 - 21*c**2 + 495*c + 10276. Determine u(-20).
-24
Let b(l) = -18*l**2 - 157*l - 1673. Calculate b(-10).
-1903
Let r(p) = -p**2 - 123*p - 2123. Give r(-119).
-1647
Let h(r) = -2*r**2 + 74*r - 303. Calculate h(5).
17
Let v(w) = -2*w**2 - 472*w + 13577. What is v(-262)?
-47
Let c(y) = y**3 + 143*y**2 - 1055*y - 732. What is c(-150)?
18
Let j(w) = -2*w**3 + 10*w**2 + 27*w - 71. Calculate j(9).
-476
Let w(c) = -14*c**3 - 684*c**2 + 120*c + 742. Determine w(-49).
-336
Let w(j) = -1799*j - 4979. Give w(-3).
418
Let d(n) = -23*n**3 + n**2 - 699861*n + 699860. Calculate d(1).
-23
Let l(q) = -3*q**3 + 1202*q**2 + 392*q + 3887. What is l(401)?
278
Let y(o) = -6*o**2 + 239601*o + 2156898. What is y(-9)?
3
Let h(j) = -380262*j + 1901279. What is h(5)?
-31
Let p(f) = 3*f**3 - 3662*f**2 + 6205*f - 134086. Calculate p(1219).
4
Let v(p) = 6*p**2 + 9554*p - 76818. Calculate v(8).
-2
Let r(z) = 11*z**3 + 83*z**2 - 87*z - 233. Give r(-8).
143
Let d(h) = -3*h**3 - 40. Determine d(-5).
335
Let a(u) = -2*u**3 - 31*u**2 - 146. Determine a(-16).
110
Let q(p) = p**3 + 28*p**2 + 616*p + 17246. Calculate q(-28).
-2
Let g(l) 